{"id":64,"date":"2019-09-27T06:41:50","date_gmt":"2019-09-27T06:41:50","guid":{"rendered":"https:\/\/www.demo.cosmoswp.com\/demo-2\/?page_id=321"},"modified":"2022-10-20T12:32:06","modified_gmt":"2022-10-20T10:32:06","slug":"baumschnitt","status":"publish","type":"page","link":"https:\/\/ontop-baumpflege.de\/content\/baumschnitt\/","title":{"rendered":"BAUMSCHNITT"},"content":{"rendered":"\n<div id=\"section-g11f123\" class=\"wp-block-gutentor-e6 section-g11f123 gutentor-element gutentor-element-image\"><div class=\"gutentor-element-image-box\"><div class=\"gutentor-bg-image\"><\/div><\/div><\/div>\n\n\n\n<section id=\"gm9b22637\" class=\"wp-block-gutentor-m4 section-gm9b22637 gutentor-module gutentor-advanced-columns has-image-bg has-custom-bg\"><div class=\"grid-container\"><div class=\"grid-row\">\n<div id=\"col-gm4b6a49\" class=\"wp-block-gutentor-m4-col col-gm4b6a49 gutentor-single-column  grid-lg-12 grid-md-12 grid-12\"><div id=\"section-gm4b6a49\" class=\"section-gm4b6a49 gutentor-col-wrap\">\n<div id=\"section-g710b76\" class=\"wp-block-gutentor-e1 section-g710b76 gutentor-element gutentor-element-advanced-text\"><div class=\"gutentor-text-wrap\"><h2 class=\"gutentor-text\">Baumpflege und Schnittma\u00dfnahmen<\/h2><\/div><\/div>\n\n\n\n<div id=\"section-g24cb83\" class=\"wp-block-gutentor-e1 section-g24cb83 gutentor-element gutentor-element-advanced-text\"><div class=\"gutentor-text-wrap\"><p class=\"gutentor-text\">Wir f\u00fchren Schnitte durch, die entsprechend der weiteren Entwicklung des Baumes und der baumeigenen Schnittvertr\u00e4glichkeit, angepasst sind.<\/p><\/div><\/div>\n<\/div><\/div>\n<\/div><\/div><\/section>\n\n\n\n<section id=\"gmb5f86cb\" class=\"wp-block-gutentor-m4 section-gmb5f86cb gutentor-module gutentor-advanced-columns\"><div class=\"grid-container\"><div class=\"grid-row\">\n<div id=\"col-gm62df7f\" class=\"wp-block-gutentor-m4-col col-gm62df7f gutentor-single-column  grid-lg-12 grid-md-12 grid-12\"><div id=\"section-gm62df7f\" class=\"section-gm62df7f gutentor-col-wrap\">\n<div id=\"section-g011c34\" class=\"wp-block-gutentor-e7 section-g011c34 gutentor-element gutentor-element-list\"><ul class=\"grid-row gutentor-grid-item-wrap list-indicator-icon\"><li class=\"gutentor-list-item grid-lg-12 grid-md-12 grid-12\"><span class=\"gutentor-single-item gutentor-single-item-0\"><span class=\"gutentor-list-item-wrap g-s-list-wrap\"><span class=\"gutentor-single-list-item-icon\"><i class=\"list-item-icon fas fa-check\"><\/i><\/span><span class=\"gutentor-list-item\"><p class=\"gutentor-single-item-title\">Kroneneink\u00fcrzung, Kronenteileink\u00fcrzungen, \u00a0\u00a0Kronenpflege<\/p><\/span><\/span><\/span><\/li><li class=\"gutentor-list-item grid-lg-12 grid-md-12 grid-12\"><span class=\"gutentor-single-item gutentor-single-item-1\"><span class=\"gutentor-list-item-wrap g-s-list-wrap\"><span class=\"gutentor-single-list-item-icon\"><i class=\"list-item-icon fas fa-check\"><\/i><\/span><span class=\"gutentor-list-item\"><p class=\"gutentor-single-item-title\">Lichtungsschnitt (Ausschnitt dicht wachsender \u00c4ste)<\/p><\/span><\/span><\/span><\/li><li class=\"gutentor-list-item grid-lg-12 grid-md-12 grid-12\"><span class=\"gutentor-single-item gutentor-single-item-2\"><span class=\"gutentor-list-item-wrap g-s-list-wrap\"><span class=\"gutentor-single-list-item-icon\"><i class=\"list-item-icon fas fa-check\"><\/i><\/span><span class=\"gutentor-list-item\"><p class=\"gutentor-single-item-title\">Lichtraumprofilschnitt\u00a0(an Stra\u00dfen 4,5m; Rad- Gehweg 2,25 m)<\/p><\/span><\/span><\/span><\/li><li class=\"gutentor-list-item grid-lg-12 grid-md-12 grid-12\"><span class=\"gutentor-single-item gutentor-single-item-3\"><span class=\"gutentor-list-item-wrap g-s-list-wrap\"><span class=\"gutentor-single-list-item-icon\"><i class=\"list-item-icon fas fa-check\"><\/i><\/span><span class=\"gutentor-list-item\"><p class=\"gutentor-single-item-title\">Totholzausastung (zur Vermeidung vor Gefahren durch \u00a0\u00a0herab brechende, trockene \u00c4ste<\/p><\/span><\/span><\/span><\/li><li class=\"gutentor-list-item grid-lg-12 grid-md-12 grid-12\"><span class=\"gutentor-single-item gutentor-single-item-4\"><span class=\"gutentor-list-item-wrap g-s-list-wrap\"><span class=\"gutentor-single-list-item-icon\"><i class=\"list-item-icon fas fa-check\"><\/i><\/span><span class=\"gutentor-list-item\"><p class=\"gutentor-single-item-title\">Freischnitt st\u00f6render \u00c4ste (z.B. an Hausw\u00e4nden, \u00a0\u00a0Dachrinnen)<\/p><\/span><\/span><\/span><\/li><li class=\"gutentor-list-item grid-lg-12 grid-md-12 grid-12\"><span class=\"gutentor-single-item gutentor-single-item-5\"><span class=\"gutentor-list-item-wrap g-s-list-wrap\"><span class=\"gutentor-single-list-item-icon\"><i class=\"list-item-icon fas fa-check\"><\/i><\/span><span class=\"gutentor-list-item\"><p class=\"gutentor-single-item-title\">Schnitt zur Erh\u00f6hung des Lichtertrages in Wohnr\u00e4ume<\/p><\/span><\/span><\/span><\/li><li class=\"gutentor-list-item grid-lg-12 grid-md-12 grid-12\"><span class=\"gutentor-single-item gutentor-single-item-6\"><span class=\"gutentor-list-item-wrap g-s-list-wrap\"><span class=\"gutentor-single-list-item-icon\"><i class=\"list-item-icon fas fa-check\"><\/i><\/span><span class=\"gutentor-list-item\"><p class=\"gutentor-single-item-title\">Jungbaumschnitt (zur gesunden, stand &#8211; und \u00a0\u00a0bruchsicheren sowie verkehrssicheren Entwicklung)<\/p><\/span><\/span><\/span><\/li><li class=\"gutentor-list-item grid-lg-12 grid-md-12 grid-12\"><span class=\"gutentor-single-item gutentor-single-item-7\"><span class=\"gutentor-list-item-wrap g-s-list-wrap\"><span class=\"gutentor-single-list-item-icon\"><i class=\"list-item-icon fas fa-check\"><\/i><\/span><span class=\"gutentor-list-item\"><p class=\"gutentor-single-item-title\">Obstbaumschnitt (Ertrags-, Zierschnitt)<\/p><\/span><\/span><\/span><\/li><li class=\"gutentor-list-item grid-lg-12 grid-md-12 grid-12\"><span class=\"gutentor-single-item gutentor-single-item-8\"><span class=\"gutentor-list-item-wrap g-s-list-wrap\"><span class=\"gutentor-single-list-item-icon\"><i class=\"list-item-icon fas fa-check\"><\/i><\/span><span class=\"gutentor-list-item\"><p class=\"gutentor-single-item-title\">Kleingeh\u00f6lzschnitt (zur Herstellung eines lichten Bildes und deren Form)<\/p><\/span><\/span><\/span><\/li><li class=\"gutentor-list-item grid-lg-12 grid-md-12 grid-12\"><span class=\"gutentor-single-item gutentor-single-item-9\"><span class=\"gutentor-list-item-wrap g-s-list-wrap\"><span class=\"gutentor-single-list-item-icon\"><i class=\"list-item-icon fas fa-check\"><\/i><\/span><span class=\"gutentor-list-item\"><p class=\"gutentor-single-item-title\">Heckenschnitt<\/p><\/span><\/span><\/span><\/li><\/ul><\/div>\n\n\n\n<div id=\"section-g9b1038\" class=\"wp-block-gutentor-e1 section-g9b1038 gutentor-element gutentor-element-advanced-text\"><div class=\"gutentor-text-wrap\"><p class=\"gutentor-text\">B\u00e4ume werden von uns fachgerecht geschnitten mit dem Ziel, die arttypische Wuchsform beizubehalten, die Schnittfl\u00e4chen m\u00f6glichst unauff\u00e4llig zu setzen und \u00fcberm\u00e4\u00dfige Wasserschossebildung &#8211; je nach Baumart &#8211; gering zu halten.<\/p><\/div><\/div>\n\n\n\n<div id=\"section-gdd422d\" class=\"wp-block-gutentor-e1 section-gdd422d gutentor-element gutentor-element-advanced-text\"><div class=\"gutentor-text-wrap\"><h4 class=\"gutentor-text\">Gerne beraten wie Sie, um den richtigen Baumschnitt f\u00fcr Ihr Anliegen zu finden<\/h4><\/div><\/div>\n<\/div><\/div>\n<\/div><\/div><\/section>\n","protected":false},"excerpt":{"rendered":"","protected":false},"author":3,"featured_media":0,"parent":0,"menu_order":0,"comment_status":"closed","ping_status":"closed","template":"template-gutentor-full-width.php","meta":[],"_links":{"self":[{"href":"https:\/\/ontop-baumpflege.de\/content\/wp-json\/wp\/v2\/pages\/64"}],"collection":[{"href":"https:\/\/ontop-baumpflege.de\/content\/wp-json\/wp\/v2\/pages"}],"about":[{"href":"https:\/\/ontop-baumpflege.de\/content\/wp-json\/wp\/v2\/types\/page"}],"author":[{"embeddable":true,"href":"https:\/\/ontop-baumpflege.de\/content\/wp-json\/wp\/v2\/users\/3"}],"replies":[{"embeddable":true,"href":"https:\/\/ontop-baumpflege.de\/content\/wp-json\/wp\/v2\/comments?post=64"}],"version-history":[{"count":72,"href":"https:\/\/ontop-baumpflege.de\/content\/wp-json\/wp\/v2\/pages\/64\/revisions"}],"predecessor-version":[{"id":1564,"href":"https:\/\/ontop-baumpflege.de\/content\/wp-json\/wp\/v2\/pages\/64\/revisions\/1564"}],"wp:attachment":[{"href":"https:\/\/ontop-baumpflege.de\/content\/wp-json\/wp\/v2\/media?parent=64"}],"curies":[{"name":"wp","href":"https:\/\/api.w.org\/{rel}","templated":true}]}}