{"id":1460,"date":"2022-06-02T15:18:47","date_gmt":"2022-06-02T13:18:47","guid":{"rendered":"https:\/\/grafix-dezign.de\/ontop\/?page_id=1460"},"modified":"2022-10-20T12:34:06","modified_gmt":"2022-10-20T10:34:06","slug":"baumkontrolle","status":"publish","type":"page","link":"https:\/\/ontop-baumpflege.de\/content\/baumkontrolle\/","title":{"rendered":"BAUMKONTROLLE"},"content":{"rendered":"\n<div id=\"section-g3f4a1d\" class=\"wp-block-gutentor-e6 section-g3f4a1d gutentor-element gutentor-element-image\"><div class=\"gutentor-element-image-box\"><div class=\"gutentor-bg-image\"><\/div><\/div><\/div>\n\n\n\n<section id=\"gm56ad395\" class=\"wp-block-gutentor-m4 section-gm56ad395 gutentor-module gutentor-advanced-columns has-image-bg has-custom-bg\"><div class=\"grid-container\"><div class=\"grid-row\">\n<div id=\"col-gm4feb21\" class=\"wp-block-gutentor-m4-col col-gm4feb21 gutentor-single-column  grid-lg-12 grid-md-12 grid-12\"><div id=\"section-gm4feb21\" class=\"section-gm4feb21 gutentor-col-wrap\">\n<div id=\"section-g5c2a67\" class=\"wp-block-gutentor-e1 section-g5c2a67 gutentor-element gutentor-element-advanced-text\"><div class=\"gutentor-text-wrap\"><h2 class=\"gutentor-text\">Baumkontrolle<\/h2><\/div><\/div>\n\n\n\n<div id=\"section-g9212b9\" class=\"wp-block-gutentor-e1 section-g9212b9 gutentor-element gutentor-element-advanced-text\"><div class=\"gutentor-text-wrap\"><h4 class=\"gutentor-text\">Wir erstellen Baumgutachten nach VTA (Visual Tree Assessment).<\/h4><\/div><\/div>\n\n\n\n<section id=\"gmcaf7017\" class=\"wp-block-gutentor-m4 section-gmcaf7017 gutentor-module gutentor-advanced-columns\"><div class=\"grid-container\"><div class=\"grid-row\">\n<div id=\"col-gm3dcd43\" class=\"wp-block-gutentor-m4-col col-gm3dcd43 gutentor-single-column  grid-lg-4 grid-md-12 grid-12\"><div id=\"section-gm3dcd43\" class=\"section-gm3dcd43 gutentor-col-wrap\">\n<div id=\"section-g081f80\" class=\"wp-block-gutentor-e6 section-g081f80 gutentor-element gutentor-element-image\"><div class=\"gutentor-element-image-box\"><div class=\"gutentor-image-thumb\"><img class=\"normal-image\" src=\"https:\/\/ontop-baumpflege.de\/content\/wp-content\/uploads\/2022\/06\/baumgutachten-1.jpg\"\/><\/div><\/div><\/div>\n<\/div><\/div>\n\n\n\n<div id=\"col-gmc76f9f\" class=\"wp-block-gutentor-m4-col col-gmc76f9f gutentor-single-column  grid-lg-8 grid-md-12 grid-12\"><div id=\"section-gmc76f9f\" class=\"section-gmc76f9f gutentor-col-wrap\">\n<div id=\"section-g99f7aa\" class=\"wp-block-gutentor-e1 section-g99f7aa gutentor-element gutentor-element-advanced-text\"><div class=\"gutentor-text-wrap\"><p class=\"gutentor-text\">Dies ist ein gesetzlich anerkanntes Verfahren zur Beurteilung des Zustandes eines Baumes.<\/p><\/div><\/div>\n\n\n\n<div id=\"section-g993c7d\" class=\"wp-block-gutentor-e1 section-g993c7d gutentor-element gutentor-element-advanced-text\"><div class=\"gutentor-text-wrap\"><p class=\"gutentor-text\">Hierbei werden durch \u00e4u\u00dferlich erkennbare Erscheinung wie z.B. Pilzbefall, Wuchsanomalien, Risse und Verletzungen R\u00fcckschl\u00fcsse auf die Sicherheit und die Vitalit\u00e4t eines Baumes geschlossen.<\/p><\/div><\/div>\n\n\n\n<div id=\"section-gffe8ec\" class=\"wp-block-gutentor-e1 section-gffe8ec gutentor-element gutentor-element-advanced-text\"><div class=\"gutentor-text-wrap\"><p class=\"gutentor-text\">Weitergehende Untersuchungen k\u00f6nnen bei der Spezifizierung m\u00f6glicher Probleme herangezogen werden.<\/p><\/div><\/div>\n\n\n\n<div id=\"section-gde61d5\" class=\"wp-block-gutentor-e1 section-gde61d5 gutentor-element gutentor-element-advanced-text\"><div class=\"gutentor-text-wrap\"><p class=\"gutentor-text\">Durch die richtige Beurteilung oben genannte Merkmale lassen sich so weitere Ma\u00dfnahmen f\u00fcr die Stand- und Bruchsicherheit treffen.<\/p><\/div><\/div>\n<\/div><\/div>\n<\/div><\/div><\/section>\n<\/div><\/div>\n<\/div><\/div><\/section>\n\n\n\n<section id=\"gm5f1f7ec\" class=\"wp-block-gutentor-m4 section-gm5f1f7ec gutentor-module gutentor-advanced-columns\"><div class=\"grid-container\"><div class=\"grid-row\">\n<div id=\"col-gm975b2c\" class=\"wp-block-gutentor-m4-col col-gm975b2c gutentor-single-column  grid-lg-12 grid-md-12 grid-12\"><div id=\"section-gm975b2c\" class=\"section-gm975b2c gutentor-col-wrap\">\n<div id=\"section-gbbba4d\" class=\"wp-block-gutentor-e1 section-gbbba4d gutentor-element gutentor-element-advanced-text\"><div class=\"gutentor-text-wrap\"><h3 class=\"gutentor-text\">Sturmsch\u00e4den<\/h3><\/div><\/div>\n\n\n\n<div id=\"section-g2c3cbe\" class=\"wp-block-gutentor-e1 section-g2c3cbe gutentor-element gutentor-element-advanced-text\"><div class=\"gutentor-text-wrap\"><p class=\"gutentor-text\">Umgest\u00fcrzte oder angeschobene B\u00e4ume (durch Windlast schr\u00e4g gestellt) sowie ausgerissene \u00c4ste werden von uns als <strong>Notfall<\/strong> behandelt.<br><br>Um Gefahren und Sch\u00e4den schnellstm\u00f6glich beheben zu k\u00f6nnen, bieten wir Ihnen bei Sturmsch\u00e4den <strong>kurzfristig und schnell<\/strong> unseren Einsatz an.<\/p><\/div><\/div>\n<\/div><\/div>\n<\/div><\/div><\/section>\n","protected":false},"excerpt":{"rendered":"","protected":false},"author":3,"featured_media":0,"parent":0,"menu_order":0,"comment_status":"closed","ping_status":"closed","template":"template-gutentor-full-width.php","meta":[],"_links":{"self":[{"href":"https:\/\/ontop-baumpflege.de\/content\/wp-json\/wp\/v2\/pages\/1460"}],"collection":[{"href":"https:\/\/ontop-baumpflege.de\/content\/wp-json\/wp\/v2\/pages"}],"about":[{"href":"https:\/\/ontop-baumpflege.de\/content\/wp-json\/wp\/v2\/types\/page"}],"author":[{"embeddable":true,"href":"https:\/\/ontop-baumpflege.de\/content\/wp-json\/wp\/v2\/users\/3"}],"replies":[{"embeddable":true,"href":"https:\/\/ontop-baumpflege.de\/content\/wp-json\/wp\/v2\/comments?post=1460"}],"version-history":[{"count":6,"href":"https:\/\/ontop-baumpflege.de\/content\/wp-json\/wp\/v2\/pages\/1460\/revisions"}],"predecessor-version":[{"id":1567,"href":"https:\/\/ontop-baumpflege.de\/content\/wp-json\/wp\/v2\/pages\/1460\/revisions\/1567"}],"wp:attachment":[{"href":"https:\/\/ontop-baumpflege.de\/content\/wp-json\/wp\/v2\/media?parent=1460"}],"curies":[{"name":"wp","href":"https:\/\/api.w.org\/{rel}","templated":true}]}}